s 6176575837 composite?
False
Is 1939681801 composite?
True
Is 1787219677 a composite number?
False
Is 1872373169 a prime number?
False
Is 302963971 prime?
True
Is 11580064507 a prime number?
False
Is 5240873285 a composite number?
True
Is 374606131 composite?
False
Is 1147126447 a composite number?
False
Is 1036568957 prime?
True
Is 8414297417 prime?
False
Is 1130270203 a composite number?
True
Is 3170806619 composite?
False
Is 10026287 prime?
True
Is 197123471 prime?
True
Is 936158983 a prime number?
True
Is 9348367801 prime?
True
Is 1887268477 composite?
False
Is 13683417431 a prime number?
True
Is 1568945359 prime?
False
Is 439079734367 a prime number?
True
Is 27024627719 composite?
True
Is 147407688221 composite?
False
Is 107468939 prime?
False
Is 1585884973 prime?
True
Is 39909355927 composite?
True
Is 9889919141 prime?
True
Is 3015951433 composite?
True
Is 674520961 composite?
False
Is 711067069 composite?
True
Is 1927721651 prime?
True
Is 4134972967 a composite number?
False
Is 4875772729 composite?
False
Is 6400815803 a composite number?
False
Is 646160623 prime?
True
Is 187777169 a prime number?
False
Is 144589309 prime?
True
Is 4037834987 a prime number?
True
Is 10686073823 a prime number?
False
Is 20102253929 a composite number?
False
Is 5938234633 prime?
False
Is 359621293 a prime number?
False
Is 10514533021 prime?
False
Is 7888998577 composite?
False
Is 6390626699 prime?
True
Is 3454101841 a prime number?
False
Is 51905444909 prime?
True
Is 2551649953 composite?
False
Is 1613161951 composite?
False
Is 8382836341 prime?
False
Is 6942941861 composite?
True
Is 2042218751 composite?
False
Is 7051915999 composite?
True
Is 10840319333 a prime number?
False
Is 13114797231 prime?
False
Is 1508871641 composite?
False
Is 654761131 a composite number?
False
Is 1358633909 a composite number?
False
Is 117670117639 a prime number?
True
Is 35889032657 a composite number?
True
Is 329951871763 composite?
False
Is 42789668633 prime?
False
Is 40530678191 a composite number?
True
Is 7848719 composite?
False
Is 4915034599 composite?
False
Is 7119836401 a composite number?
False
Is 32045147 composite?
True
Is 272811751 a prime number?
False
Is 1402266373 prime?
True
Is 45593148595 a composite number?
True
Is 198284789 prime?
False
Is 871097137 prime?
True
Is 10411522051 composite?
True
Is 1759247429 prime?
True
Is 380772373 a prime number?
True
Is 21203768291 a prime number?
True
Is 40576111 a composite number?
True
Is 32442830281 prime?
False
Is 264303181 composite?
False
Is 16915160897 a prime number?
False
Is 36466307617 prime?
False
Is 10152754433 composite?
True
Is 8104021799 prime?
False
Is 1094350247 composite?
True
Is 980523287 composite?
False
Is 43607797861 prime?
False
Is 944272409 composite?
True
Is 16127985607 a composite number?
False
Is 1239600013 a composite number?
False
Is 1428048599 prime?
True
Is 7108672051 a prime number?
False
Is 2662340089 a prime number?
True
Is 23074211263 a prime number?
False
Is 2453541691 prime?
True
Is 9161676991 composite?
False
Is 1908579887 composite?
True
Is 1539109651 a composite number?
True
Is 6004194257 a prime number?
False
Is 55326569405 a composite number?
True
Is 15866357371 composite?
False
Is 14445399379 prime?
True
Is 619415887 prime?
False
Is 768349121 a prime number?
True
Is 4468429661 composite?
True
Is 5179281229 composite?
True
Is 12190150309 composite?
True
Is 190243 a composite number?
False
Is 3484880909 a composite number?
False
Is 1809925783 composite?
False
Is 330211627 prime?
False
Is 12852326243 a prime number?
True
Is 5601591167 prime?
True
Is 104974721 a composite number?
False
Is 6051809507 prime?
False
Is 64666304401 a composite number?
False
Is 3128539949 a composite number?
True
Is 15769292029 a composite number?
False
Is 17821073615 composite?
True
Is 7035796627 a composite number?
True
Is 8320143791 a prime number?
False
Is 44508328487 a prime number?
False
Is 38472305767 a composite number?
True
Is 941740609 prime?
True
Is 411262207 a prime number?
False
Is 870832507 a composite number?
True
Is 9973966177 prime?
False
Is 20607011471 a prime number?
True
Is 170082227963 a composite number?
True
Is 2062154293 composite?
True
Is 5440670233 prime?
False
Is 102295933 a composite number?
False
Is 1233877667 composite?
True
Is 11639469643 prime?
False
Is 31392442651 a prime number?
False
Is 4223031317 a composite number?
False
Is 839106227 prime?
True
Is 4446644957 a composite number?
False
Is 34552957 a composite number?
False
Is 7235524889 prime?
True
Is 184665908953 a prime number?
True
Is 7844171449 a prime number?
False
Is 6049303147 a composite number?
False
Is 34503734693 composite?
True
Is 1961512843 composite?
False
Is 1377595891 a composite number?
True
Is 2632315687 prime?
False
Is 6064610129 composite?
True
Is 14385330431 a prime number?
True
Is 683253379 prime?
True
Is 2919387971 composite?
False
Is 9757233631 a composite number?
False
Is 5768480343 a prime number?
False
Is 7900475813 a composite number?
False
Is 2013348823 a prime number?
False
Is 1818249899 composite?
False
Is 52638601409 prime?
False
Is 189315439 a composite number?
False
Is 23919563491 prime?
True
Is 4308335257 composite?
False
Is 221344001 a composite number?
False
Is 1584771107 composite?
False
Is 842541503 composite?
False
Is 42709337771 a prime number?
True
Is 55378748135 a composite number?
True
Is 311814344441 prime?
False
Is 45252352177 composite?
False
Is 3668751341 composite?
False
Is 848243807 prime?
False
Is 1114998707 composite?
False
Is 1384477 prime?
True
Is 23420815013 composite?
False
Is 1266036259 a composite number?
True
Is 14508728737 a composite number?
False
Is 14025164821 prime?
True
Is 29603381551 prime?
False
Is 621192193 prime?
True
Is 1028946739 a composite number?
False
Is 15822491123 composite?
True
Is 70990635071 a composite number?
True
Is 848843249 composite?
False
Is 1517428273 composite?
False
Is 1612659719 a prime number?
False
Is 199919443189 a composite number?
False
Is 3836683481 a composite number?
False
Is 6070073 a composite number?
False
Is 1494230923 a prime number?
False
Is 64738091441 prime?
True
Is 66982488361 composite?
True
Is 18324339659 prime?
True
Is 41270620553 prime?
True
Is 240713321 a prime number?
True
Is 72132701 composite?
False
Is 220013161 composite?
True
Is 1019895683 composite?
False
Is 45627719 a prime number?
False
Is 8909474513 a prime number?
True
Is 5457161791 composite?
False
Is 1353591881 prime?
False
Is 402288041 composite?
True
Is 86160903333 composite?
True
Is 937980614 prime?
False
Is 13457736293 a composite number?
True
Is 1044652963 a composite number?
True
Is 39426065821 a prime number?
False
Is 1430431351 a prime number?
False
Is 10630732267 a prime number?
True
Is 437999999 prime?
True
Is 783722893 a prime number?
True
Is 38498305871 composite?
False
Is 214720625687 composite?
False
Is 32341817567 a prime number?
True
Is 12998441903 composite?
False
Is 77735466073 a composite number?
True
Is 659648491 composite?
True
Is 381354237695 composite?
True
Is 23114315881 a composite number?
False
Is 167908801 prime?
True
Is 72650699083 composite?
False
Is 34493959 composite?
True
Is 941094227 a prime number?
True
Is 102594563909 a composite number?
False
Is 9347413163 a prime number?
False
Is 52590281 a prime number?
True
Is 90248201497 prime?
False
Is 91093003585 composite?
True
Is 751508299 prime?
False
Is 317593801 a prime number?
False
Is 3660530449 prime?
True
Is 153584329 a prime number?
True
Is 3611162681 a composite number?
True
Is 6424809581 a prime number?
False
Is 259247243 prime?
True
Is 172091071 prime?
False
Is 7656125233 composite?
False
Is 136426087667 composite?
True
Is 2803871461 a prime number?
False
Is 2709023843 prime?
False
Is 330082409 a composite number?
True
Is 191217847 a composite number?
False
Is 1011382663 a prime number?
False
Is 78785290697 composite?
True
Is 10427298679 a prime number?
False
Is 51131632109 a composite number?
True
Is 2733759497 composite?
True
Is 8634425483 prime?
False
Is 845133209 prime?
True
Is 283786513 prime?
False
Is 907951391 a prime number?
True
Is 10180542251 composite?
True
Is 468371957 prime?
True
Is 19733935861 prime?
True
Is 697606369 a prime number?
True
Is 